*x**3 + 3*x**2 - 4*x + 0. What is the units digit of h(-2)?
8
Let m = -27 - -11. Let k = -14 - m. Suppose 0 = -k*a - y + 51, -y + 27 = a - 2*y. What is the tens digit of a?
2
Let i be 2/(-4) - ((-13)/2 + 3). Suppose -y - i*y - 188 = -3*k, 3*k - 176 = -2*y. What is the tens digit of k?
6
Let b(q) = -q**2 + 9*q - 9. Let k be b(7). Suppose 5*p + 0*h + 3*h = 884, -k*h - 722 = -4*p. What is the units digit of p?
8
Let u(a) = 347*a - 237. What is the hundreds digit of u(5)?
4
Let r(d) = -16*d**3 - 8*d**2 - 18*d + 13. What is the tens digit of r(-4)?
8
Suppose -11 = -t - 4*a + 9, t + 5*a = 20. Suppose -2*w - 3*h + 40 + t = 0, 4*h = -w + 30. What is the units digit of w?
0
Suppose -5*x = -2*x - 18. Let l be (45/(-25))/(x/(-20)). Suppose -18 = -3*c - l. What is the units digit of c?
4
Let c(b) = b**3 + b**2 - 4*b + 624. What is the units digit of c(0)?
4
Suppose 1299 = a - 799. What is the thousands digit of a?
2
Let z = -8 + 2. What is the units digit of ((-105)/z - -3)*2?
1
Let i = -5 - -5. Let b be 2 + i - 39/(-13). Suppose 4*c - 13 = -b*o, 0 = -4*c - 4*o + 14 + 2. What is the units digit of c?
7
Suppose 14*b = 10*b - 20. What is the tens digit of 3 - (-151 - (4 + b))?
5
Let w(o) = 2 - 38*o**2 + 18*o**2 + 19*o**2 - 23 + 21*o. What is the tens digit of w(9)?
8
Suppose -3*z - z + 5*h + 7 = 0, 0 = 5*z + 4*h - 19. Suppose 0 = -a + 5*m + 40 + 124, 0 = 4*a - z*m - 707. What is the hundreds digit of a?
1
Let k(w) = -24*w + 482. Let s(t) = 6*t - 120. Let b(g) = -2*k(g) - 9*s(g). What is the hundreds digit of b(0)?
1
Suppose 8*w = 5*u + 4*w - 70, -2*u = -2*w - 30. What is the units digit of (-4)/u - ((-1336)/(-10))/(-4)?
3
Suppose w + 0*w + 14 = 0. Let a = w + 17. Suppose -4*g - g - 163 = -a*t, 228 = 4*t - 4*g. What is the units digit of t?
1
Suppose 4*l - 6*l + 5*p = -2, 2*p - 16 = 5*l. What is the units digit of -2326*1/(-10) + l/(-10)?
3
Suppose -j - 20 = 3*j, 4*j + 261 = i. Suppose 3*v - 89 = d, -5*d - 86 = 5*v - i. What is the tens digit of v?
3
Let c = -991 - -1372. What is the hundreds digit of c?
3
Suppose 0 = -t + 3 - 8, 153 = v + 5*t. Suppose -4*k + 0*b = -2*b - 380, 2*k - v = -2*b. What is the tens digit of k?
9
Let u = 369 + -182. What is the hundreds digit of u?
1
Suppose 0 = v - 0*x - x - 315, v = 3*x + 309. What is the units digit of v?
8
Let t(c) = 706*c - 695. What is the units digit of t(6)?
1
What is the tens digit of ((-244)/366)/((-2)/(-13059)*-3)?
5
Let p = -139 - -142. Suppose -6*m + 4*m = p*u + 1, -3*m = 3*u - 3. What is the units digit of m?
4
Suppose -8*s + 33 = 3*s. Suppose -s*o + 0*y = -2*y - 483, 0 = 5*y - 15. What is the units digit of o?
3
Let k = 8 - 1. Let o(x) = -15*x + 7. Let s(q) = 23*q - 10. Let i(v) = k*o(v) + 5*s(v). What is the tens digit of i(2)?
1
Let y(c) = -5*c - 14. Let l(a) = -a - 1. Let m(x) = -4*l(x) + y(x). Let r be m(-10). Suppose f + 3*f - 46 = 2*u, r = f - 5*u - 25. What is the units digit of f?
0
Let a = 3091 + -2792. What is the hundreds digit of a?
2
Let h(n) = -2*n**2 + 5*n - 2. Let v be h(3). What is the units digit of (v + 84)*(0 - -1)?
9
Suppose k = 2060 - 783. What is the units digit of k?
7
Let q(h) be the second derivative of -h**3/6 + 11*h**2/2 + 7*h. Let o be q(8). Suppose 0 = -3*m - 3*u + 120 + o, -2*m + 88 = 4*u. What is the tens digit of m?
3
Suppose -2*v - 5*v - 56 = 0. Let o(w) = -w**2 - 4*w + 2. Let t be o(-6). What is the units digit of (2 - t/v)*48?
6
Let b be (-2 - -4) + -2 - 6. Let q(z) be the second derivative of -z**4/12 - 3*z**3/2 + 2*z**2 - 27*z. What is the tens digit of q(b)?
2
Let t(g) be the first derivative of -7*g**2 - 8*g - 28. What is the units digit of t(-3)?
4
Let r(m) = 2*m**2 - 15*m - 3. Let t be r(8). Let l(j) = 45*j - 23. What is the hundreds digit of l(t)?
2
Suppose -2*f = 3*w - 1463, -5*f + 3692 = -w - 3*w. What is the units digit of f?
6
Let s = -4 + 11. Suppose -8*w = -s*w - 69. What is the units digit of w?
9
Suppose 5*l = 4*l - 4. Let s be (108/(-8))/(2/l). Suppose 4*i = -5*f + 51, 2*i = -0*i - 3*f + s. What is the units digit of i?
9
Suppose 5*d - 1798 = -3*i - 152, 0 = -5*d + 5*i + 1670. What is the hundreds digit of d?
3
What is the hundreds digit of (-1)/((-1)/1996*4)?
4
Let r = 1968 + -1356. What is the units digit of r?
2
Suppose 5*o - 3*a = 2*o - 261, -4*o = a + 338. Let q = o - -141. What is the tens digit of q?
5
Let r(h) = -5*h + 3. Let b be r(3). Suppose 2*i - 20 = -3*s, 0 = 2*i - 4*s + 12 - 4. What is the units digit of 2/i - 102/b?
9
Let n = 390 - -342. What is the hundreds digit of n?
7
Suppose 31*y - 281 = 30*y. What is the tens digit of y?
8
Suppose 3*r = 3*m - 75, -6*r - m - 83 = -3*r. Let g = 27 + r. Suppose 2*n = -n - 3, g = -2*x + n + 31. What is the tens digit of x?
1
Let m be (2 + -2)*(-2)/4. Suppose -3*o = 2*v - 8 - 9, m = 4*o - v - 41. Suppose -3*y + 6 + o = 0. What is the units digit of y?
5
Let r(y) = 5*y + 4. Suppose -2*z = 3*x - 3, z = -2*z - 4*x + 5. What is the units digit of r(z)?
9
Let a = 1114 - 2179. What is the tens digit of (a/15)/((0 + 1)/(-2))?
4
Suppose 5 = 2*q + 3*q. Let m be 11 + -7 - (q - 0). Suppose 5*d = j - 4*j + 32, m*j + 38 = 5*d. What is the units digit of d?
7
Suppose -q + 25 = 4*q + 5*j, 5*j = 3*q + 9. Suppose -3*w - d + 779 = 0, 3*w = q*w - 3*d + 265. What is the units digit of w?
9
Let m(h) = h**2 - 3*h. Let r be m(3). Let i(q) = q**3 + q**2 + 59. Let a be i(r). Let l = -39 + a. What is the tens digit of l?
2
Suppose 0 = -2*y + 26 + 26. Suppose y*c - 24*c = 132. What is the units digit of c?
6
Suppose i = 2, -4*i = -3*r - 2*i - 1. What is the units digit of (-5 - r)*(-8)/16?
3
Let x = 38 + -34. Suppose 2*h = 3*t - 186, -3*t + 8*t - 332 = -x*h. What is the tens digit of t?
6
Let c(z) = 3*z**3 - 5*z**2 + z - 5. Let i be c(4). Suppose -f + i = 2*v, 3*v - 2*f - 170 = -0*v. What is the units digit of v?
6
Let t be -128 - ((-4 - -3)*1 + 3). What is the hundreds digit of (t/2)/(2/(-4))?
1
Let g = 5 + -5. Suppose -4*a + 36 + 0 = g. Suppose y = 4*y - a. What is the units digit of y?
3
Let x(z) = z**3 + 6*z**2 + z + 5. Let o be x(-6). Let s be (2/o - -1)*1. What is the units digit of (s - -4)/(5/85)?
1
Suppose -8 = 5*j + 4*y - 18, -44 = -4*j + 4*y. Suppose 216 = -j*b + 9*b. What is the units digit of b?
2
Let n(m) = -3*m**3 + 7*m**2 + 5*m - 20. Let o(b) = 4*b**3 - 7*b**2 - 6*b + 21. Let q(z) = -3*n(z) - 2*o(z). What is the units digit of q(8)?
8
Let f be 1 - (-148 + -1 + 0). Suppose 2*c - 5*c + a + f = 0, 267 = 5*c + 4*a. What is the units digit of (c + -1)/2*1?
5
Let w(d) = -3*d + 0*d - 17*d**2 + 18*d**2 + 4. Let u be w(5). Let i(k) = k**2 - 12*k + 2. What is the units digit of i(u)?
0
Let q(f) = 3*f + 13. Let o be q(-3). Let c be -2 + (o - (1 + 2)). What is the units digit of (c/(-2))/((-20)/(-2320))?
8
Let y(n) = n**3 - 7*n**2 + 8*n - 4. Suppose j = -5*w + 21, -j + 0*j + 3*w = 3. Let l be y(j). Let x(b) = b**2 - 5*b + 16. What is the units digit of x(l)?
0
Let v = 17 + -16. Let c be 115/(2 - v) + 0. Let r = c + -75. What is the units digit of r?
0
Let j(t) = 19*t**2 + 8*t + 47. What is the hundreds digit of j(-8)?
1
Suppose -s + t - 58 = 0, 0*s + s + 61 = -2*t. Let o = s + 93. What is the tens digit of o?
3
Suppose 1 = f, -11*t + 13*t + 2*f = 800. What is the units digit of t?
9
Suppose 5*p = -4*x + 390 + 7, p - 83 = x. Let t = p - -20. What is the units digit of t?
1
Let j(u) = -3*u**3 - 2*u**2 + 3*u + 1. Let f(o) = o**2 - o. Let m(s) = 2*f(s) + j(s). Let t = -9 - -7. What is the units digit of m(t)?
3
Let v(h) = 0*h**3 - 5 - h**2 - h**3 + 17. Suppose d = -d - 2*m, -2*d - m = 0. What is the units digit of v(d)?
2
What is the units digit of 24/(-44) - 1685*(-28)/22?
4
Let p(s) = -7*s**3 - 2*s**2 - 6*s - 20. Let c be p(-4). Suppose -5*x = -785 - c. What is the units digit of x?
1
What is the tens digit of (-39360)/(-21) - (-14)/(-49)?
7
Let m = 6 + -6. Suppose m = -4*k + 8, 22 = 5*v + k - 5. Suppose -v*s + 13 + 97 = 0. What is the tens digit of s?
2
Let i(p) = p**2 + 6*p + 7. Let q be i(-5). Let t(y) be the third derivative of y**6/120 - y**5/60 + y**4/24 + y**3/6 - 25*y**2. What is the units digit of t(q)?
7
Let v(p) = -139*p - 138. What is the units digit of v(-7)?
5
Let y = -3 - -6. Suppose 0 = -2*z + z - y*t + 13, -5*t + 7 = -2*z. What is the tens digit of (z/4 - -41) + 4?
4
Let p(i) = i - i + 16 - i**2 + 24. 